{"id":121,"date":"2018-05-30T00:52:57","date_gmt":"2018-05-29T21:52:57","guid":{"rendered":"https:\/\/menssanainteractive.com\/br\/home\/?page_id=121"},"modified":"2023-03-31T23:29:35","modified_gmt":"2023-03-31T20:29:35","slug":"politica-de-privacidade","status":"publish","type":"page","link":"https:\/\/menssanainteractive.com\/br\/home\/politica-de-privacidade\/","title":{"rendered":"Pol\u00edtica de privacidade"},"content":{"rendered":"<p>[et_pb_section fb_built=&#8221;1&#8243; admin_label=&#8221;section&#8221; _builder_version=&#8221;4.16&#8243; global_colors_info=&#8221;{}&#8221;][et_pb_row admin_label=&#8221;row&#8221; _builder_version=&#8221;4.16&#8243; background_size=&#8221;initial&#8221; background_position=&#8221;top_left&#8221; background_repeat=&#8221;repeat&#8221; global_colors_info=&#8221;{}&#8221;][et_pb_column type=&#8221;4_4&#8243; _builder_version=&#8221;4.16&#8243; custom_padding=&#8221;|||&#8221; global_colors_info=&#8221;{}&#8221; custom_padding__hover=&#8221;|||&#8221;][et_pb_text admin_label=&#8221;Text&#8221; _builder_version=&#8221;4.18.0&#8243; background_size=&#8221;initial&#8221; background_position=&#8221;top_left&#8221; background_repeat=&#8221;repeat&#8221; hover_enabled=&#8221;0&#8243; global_colors_info=&#8221;{}&#8221; sticky_enabled=&#8221;0&#8243;]<\/p>\n<h1>Mens Sana Interactive<\/h1>\n<h1>Pol\u00edtica de Privacidade<\/h1>\n<p>Atualizado em: 31\/Mar\u00e7o\/2023<\/p>\n<p>&nbsp;<\/p>\n<p>\u00a0Este documento informa como a Mens Sana Interactive coleta (em nosso site e em nossos produtos\/servi\u00e7os), usa e compartilha seus dados pessoais,<\/p>\n<p>\u00a0Utilizamos os seus dados para fornecer e melhorar os nossos produtos e servi\u00e7os. Ao us\u00e1-los, voc\u00ea concorda com a coleta e uso de informa\u00e7\u00f5es de acordo com esta pol\u00edtica.<\/p>\n<h3>Tipos de dados coletados<\/h3>\n<h4><strong>Dados de Utiliza\u00e7\u00e3o<\/strong><\/h4>\n<p>Enquanto estiver a utilizar os nossos Produtos, n\u00e3o lhe solicitamos que forne\u00e7a informa\u00e7\u00f5es de identifica\u00e7\u00e3o pessoal como Nome, E-mail, Data de Nascimento, Sexo, Localiza\u00e7\u00e3o.<\/p>\n<p>Mas podemos coletar dados de reten\u00e7\u00e3o, uso e outras an\u00e1lises de comportamento de jogo por meio de servi\u00e7os de terceiros. Recolhemos estes dados para melhorar os nossos Produtos.<\/p>\n<p>Observe que nossos Produtos \u00e0s vezes s\u00e3o executados em lojas, aplicativos e plataformas de terceiros (como, por exemplo, o Steam) cujas pr\u00e1ticas de privacidade diferem das nossas. Se voc\u00ea fornecer dados pessoais a qualquer um desses terceiros ou seus produtos, seus dados ser\u00e3o regidos pelas declara\u00e7\u00f5es de privacidade desses terceiros.<\/p>\n<p>Enquanto os Produtos est\u00e3o sendo processados, eles podem acessar informa\u00e7\u00f5es fornecidas pelos servi\u00e7os de API dos terceiros mencionados, como nome de exibi\u00e7\u00e3o do usu\u00e1rio, prefer\u00eancia de idioma, lista de amigos, durante o processamento do jogo, mas n\u00e3o coletar\u00e3o esses para nossos pr\u00f3prios registros. Nossos Produtos podem registrar seu nome de usu\u00e1rio no jogo e a pontua\u00e7\u00e3o do seu jogo em servi\u00e7os fornecidos por esses terceiros (como tabelas de pontua\u00e7\u00e3o), mas n\u00e3o os coletar\u00e3o para nossos pr\u00f3prios registros.<\/p>\n<h4>\u00a0<strong>Visitas ao site<\/strong><\/h4>\n<p>Quando voc\u00ea visita nosso site menssanainteractive.com.br, coletamos o uso da p\u00e1gina, endere\u00e7os IP e informa\u00e7\u00f5es fornecidas pelo Google Analytics, cookies ou tecnologia similar. Os endere\u00e7os IP nos ajudam a entender melhor as informa\u00e7\u00f5es geogr\u00e1ficas sobre os visitantes do nosso site, para que possamos melhorar nosso site para todos os visitantes.<\/p>\n<h4><strong>\u00a0<\/strong><strong>Mensagens de Contato<\/strong><\/h4>\n<p>Se voc\u00ea nos enviar uma mensagem atrav\u00e9s do formul\u00e1rio em nosso site ou atrav\u00e9s de uma mensagem de e-mail (para contact [arroba] menssanainteractive [ponto] com), coletamos seu endere\u00e7o de e-mail e outras informa\u00e7\u00f5es pessoais que voc\u00ea optar por nos enviar (&#8220;Dados Pessoais&#8221;) que podem ser usadas para fornecer uma resposta \u00e0 sua consulta por e-mail. \u00a0<\/p>\n<h3>Uso de Dados<\/h3>\n<p>\u00a0Podemos usar os dados coletados para v\u00e1rios fins:<\/p>\n<ul>\n<li>Fornecer e manter os Produtos.<\/li>\n<li>Fornecer suporte aos jogadores.<\/li>\n<li>Fornecer informa\u00e7\u00f5es de an\u00e1lise para que possamos melhorar os Produtos.<\/li>\n<li>Monitorar o uso dos Produtos.<\/li>\n<li>Para detectar, prevenir e resolver problemas t\u00e9cnicos.<\/li>\n<\/ul>\n<h3>Transfer\u00eancia de dados<\/h3>\n<p>Suas informa\u00e7\u00f5es, incluindo Dados Pessoais, podem ser transferidas e mantidas em computadores localizados fora de seu pa\u00eds ou outra jurisdi\u00e7\u00e3o governamental, onde as leis de prote\u00e7\u00e3o de dados podem diferir daquelas de sua jurisdi\u00e7\u00e3o.<\/p>\n<p>Se voc\u00ea estiver localizado fora do Brasil e optar por nos fornecer informa\u00e7\u00f5es, observe que podemos transferir os dados, incluindo Dados Pessoais, para o Brasil e process\u00e1-los l\u00e1. \u00a0<\/p>\n<p>O seu consentimento para esta Pol\u00edtica de Privacidade, seguido pelo envio de tais informa\u00e7\u00f5es, representa a sua concord\u00e2ncia com essa transfer\u00eancia. Tomaremos todas as medidas razoavelmente necess\u00e1rias para garantir que seus dados sejam tratados com seguran\u00e7a e de acordo com esta Pol\u00edtica de Privacidade, e nenhuma transfer\u00eancia de seus Dados Pessoais ocorrer\u00e1 para uma organiza\u00e7\u00e3o ou um pa\u00eds, a menos que haja controles adequados em vigor, incluindo a seguran\u00e7a de seus dados e outras informa\u00e7\u00f5es pessoais.<\/p>\n<h3>Divulga\u00e7\u00e3o de Dados<\/h3>\n<p>\u00a0Podemos divulgar seus Dados Pessoais acreditando de boa-f\u00e9 que tal a\u00e7\u00e3o \u00e9 necess\u00e1ria para:<\/p>\n<ul>\n<li>Para cumprir uma obriga\u00e7\u00e3o legal.<\/li>\n<li>Para proteger e defender os direitos ou propriedade dos Produtos.<\/li>\n<li>Para prevenir ou investigar poss\u00edveis irregularidades em conex\u00e3o com os Produtos.<\/li>\n<li>Para proteger a seguran\u00e7a pessoal dos usu\u00e1rios dos Produtos ou do p\u00fablico.<\/li>\n<li>Para proteger contra a responsabilidade legal.<\/li>\n<\/ul>\n<h3>Seguran\u00e7a dos Dados<\/h3>\n<p>Estamos empenhados em proteger a seguran\u00e7a dos seus dados pessoais. Usamos tecnologias e procedimentos de seguran\u00e7a para ajudar a proteger seus dados pessoais contra acesso, uso ou divulga\u00e7\u00e3o n\u00e3o autorizados.<\/p>\n<p>\u00a0Embora nenhum servi\u00e7o seja completamente seguro, tomamos medidas razo\u00e1veis para ajudar a proteger as informa\u00e7\u00f5es sobre voc\u00ea contra perda, roubo, uso indevido e acesso, divulga\u00e7\u00e3o, altera\u00e7\u00e3o e destrui\u00e7\u00e3o n\u00e3o autorizados.<\/p>\n<p>\u00a0Os servidores nos quais suas informa\u00e7\u00f5es pessoais s\u00e3o armazenadas s\u00e3o mantidos em um ambiente controlado com acesso limitado. Embora fa\u00e7amos esfor\u00e7os razo\u00e1veis para proteger as informa\u00e7\u00f5es pessoais que coletamos de voc\u00ea, nenhum sistema de seguran\u00e7a \u00e9 impenetr\u00e1vel. Se voc\u00ea tiver alguma d\u00favida sobre a seguran\u00e7a de suas informa\u00e7\u00f5es pessoais, entre em contato conosco em contact [arroba] menssanainteractive [ponto] com.<\/p>\n<h3>Privacidade de Crian\u00e7as<\/h3>\n<p>N\u00e3o coletamos intencionalmente informa\u00e7\u00f5es pessoais de crian\u00e7as nem lhes enviamos solicita\u00e7\u00f5es de informa\u00e7\u00f5es pessoais. Embora visitantes de todas as idades possam navegar pelo nosso site, n\u00e3o coletamos intencionalmente informa\u00e7\u00f5es pessoais de pessoas com menos de 13 anos de idade. Ap\u00f3s uma notifica\u00e7\u00e3o de um dos pais ou respons\u00e1vel, ou descoberta por outros meios, de que estamos armazenando dados de uma crian\u00e7a com menos de 13 anos, excluiremos as informa\u00e7\u00f5es pessoais da crian\u00e7a de nossos registros.<\/p>\n<h3>Reten\u00e7\u00e3o de Dados Pessoais<\/h3>\n<p>Podemos reter dados pessoais pelo tempo necess\u00e1rio para fornecer os Servi\u00e7os, apoiar nossos Produtos e cumprir as transa\u00e7\u00f5es que voc\u00ea solicitou, ou para outros fins essenciais, como o cumprimento de nossas obriga\u00e7\u00f5es legais e a resolu\u00e7\u00e3o de disputas e a aplica\u00e7\u00e3o de nossos contratos. Como essas necessidades variam para diferentes tipos de dados no contexto de diferentes Produtos ou Servi\u00e7os, os per\u00edodos de reten\u00e7\u00e3o reais variam significativamente.<\/p>\n<h3>Altera\u00e7\u00f5es a esta Pol\u00edtica de Privacidade<\/h3>\n<p>Podemos atualizar nossa Pol\u00edtica de Privacidade de tempos em tempos. Nesse caso, atualizaremos imediatamente este documento nesta p\u00e1gina.<\/p>\n<p>Aconselhamos voc\u00ea a rever esta Pol\u00edtica de Privacidade periodicamente para quaisquer altera\u00e7\u00f5es.<\/p>\n<h3>Fale Conosco<\/h3>\n<p>Se voc\u00ea tiver alguma d\u00favida sobre esta Pol\u00edtica de Privacidade, entre em contato conosco por email: contact [arroba] menssanainteractive [ponto] com<\/p>\n<p>&nbsp;<\/p>\n<p>[\/et_pb_text][\/et_pb_column][\/et_pb_row][\/et_pb_section]<\/p>\n","protected":false},"excerpt":{"rendered":"<p>Mens Sana Interactive Pol\u00edtica de Privacidade Atualizado em: 31\/Mar\u00e7o\/2023 &nbsp; \u00a0Este documento informa como a Mens Sana Interactive coleta (em nosso site e em nossos produtos\/servi\u00e7os), usa e compartilha seus dados pessoais, \u00a0Utilizamos os seus dados para fornecer e melhorar os nossos produtos e servi\u00e7os. Ao us\u00e1-los, voc\u00ea concorda com a coleta e uso de [&hellip;]<\/p>\n","protected":false},"author":2,"featured_media":0,"parent":0,"menu_order":0,"comment_status":"closed","ping_status":"closed","template":"","meta":{"_et_pb_use_builder":"on","_et_pb_old_content":"<h2>Quem somos<\/h2>\r\nO endere\u00e7o do nosso site \u00e9: https:\/\/menssanainteractive.com\/br\/home.\r\n<h2>Quais dados pessoais coletamos e porque<\/h2>\r\n<h3>Coment\u00e1rios<\/h3>\r\nQuando os visitantes deixam coment\u00e1rios no site, coletamos os dados mostrados no formul\u00e1rio de coment\u00e1rios, al\u00e9m do endere\u00e7o de IP e de dados do navegador do visitante, para auxiliar na detec\u00e7\u00e3o de spam.\r\n\r\nUma sequ\u00eancia anonimizada de caracteres criada a partir do seu e-mail (tamb\u00e9m chamada de hash) poder\u00e1 ser enviada para o Gravatar para verificar se voc\u00ea usa o servi\u00e7o. A pol\u00edtica de privacidade do Gravatar est\u00e1 dispon\u00edvel aqui: https:\/\/automattic.com\/privacy\/. Depois da aprova\u00e7\u00e3o do seu coment\u00e1rio, a foto do seu perfil fica vis\u00edvel publicamente junto de seu coment\u00e1rio.\r\n<h3>M\u00eddia<\/h3>\r\nSe voc\u00ea envia imagens para o site, evite enviar as que contenham dados de localiza\u00e7\u00e3o incorporados (EXIF GPS). Visitantes podem baixar estas imagens do site e extrair delas seus dados de localiza\u00e7\u00e3o.\r\n<h3>Formul\u00e1rios de contato<\/h3>\r\n<h3>Cookies<\/h3>\r\nAo deixar um coment\u00e1rio no site, voc\u00ea poder\u00e1 optar por salvar seu nome, e-mail e site nos cookies. Isso visa seu conforto, assim voc\u00ea n\u00e3o precisar\u00e1 preencher seus dados novamente quando fizer outro coment\u00e1rio. Estes cookies duram um ano.\r\n\r\nSe voc\u00ea tem uma conta e acessa este site, um cookie tempor\u00e1rio ser\u00e1 criado para determinar se seu navegador aceita cookies. Ele n\u00e3o cont\u00e9m nenhum dado pessoal e ser\u00e1 descartado quando voc\u00ea fechar seu navegador.\r\n\r\nQuando voc\u00ea acessa sua conta no site, tamb\u00e9m criamos v\u00e1rios cookies para salvar os dados da sua conta e suas escolhas de exibi\u00e7\u00e3o de tela. Cookies de login s\u00e3o mantidos por dois dias e cookies de op\u00e7\u00f5es de tela por um ano. Se voc\u00ea selecionar \"Lembrar-me\", seu acesso ser\u00e1 mantido por duas semanas. Se voc\u00ea se desconectar da sua conta, os cookies de login ser\u00e3o removidos.\r\n\r\nSe voc\u00ea editar ou publicar um artigo, um cookie adicional ser\u00e1 salvo no seu navegador. Este cookie n\u00e3o inclui nenhum dado pessoal e simplesmente indica o ID do post referente ao artigo que voc\u00ea acabou de editar. Ele expira depois de 1 dia.\r\n<h3>M\u00eddia incorporada de outros sites<\/h3>\r\nArtigos neste site podem incluir conte\u00fado incorporado como, por exemplo, v\u00eddeos, imagens, artigos, etc. Conte\u00fados incorporados de outros sites se comportam exatamente da mesma forma como se o visitante estivesse visitando o outro site.\r\n\r\nEstes sites podem coletar dados sobre voc\u00ea, usar cookies, incorporar rastreamento adicionar de terceiros e monitorar sua intera\u00e7\u00e3o com este conte\u00fado incorporado, incluindo sua intera\u00e7\u00e3o com o conte\u00fado incorporado se voc\u00ea tem uma conta e est\u00e1 conectado com o site.\r\n<h2>Por quanto tempo mantemos os seus dados<\/h2>\r\nSe voc\u00ea deixar um coment\u00e1rio, o coment\u00e1rio e os seus metadados s\u00e3o conservados indefinidamente. Fazemos isso para que seja poss\u00edvel reconhecer e aprovar automaticamente qualquer coment\u00e1rio posterior ao inv\u00e9s de ret\u00ea-lo para modera\u00e7\u00e3o.\r\n\r\nPara usu\u00e1rios que se registram no nosso site (se houver), tamb\u00e9m guardamos as informa\u00e7\u00f5es pessoais que fornecem no seu perfil de usu\u00e1rio. Todos os usu\u00e1rios podem ver, editar ou excluir suas informa\u00e7\u00f5es pessoais a qualquer momento (s\u00f3 n\u00e3o \u00e9 poss\u00edvel alterar o seu username). Os administradores de sites tamb\u00e9m podem ver e editar estas informa\u00e7\u00f5es.\r\n<h2>Quais os seus direitos sobre seus dados<\/h2>\r\nSe voc\u00ea tiver uma conta neste site ou se tiver deixado coment\u00e1rios, pode solicitar um arquivo exportado dos dados pessoais que mantemos sobre voc\u00ea, inclusive quaisquer dados que nos tenha fornecido. Tamb\u00e9m pode solicitar que removamos qualquer dado pessoal que mantemos sobre voc\u00ea. Isto n\u00e3o inclui nenhuns dados que somos obrigados a manter para prop\u00f3sitos administrativos, legais ou de seguran\u00e7a.\r\n<h2>Para onde enviamos seus dados<\/h2>\r\nComent\u00e1rios de visitantes podem ser marcados por um servi\u00e7o autom\u00e1tico de detec\u00e7\u00e3o de spam.","_et_gb_content_width":"","footnotes":""},"class_list":["post-121","page","type-page","status-publish","hentry"],"yoast_head":"<!-- This site is optimized with the Yoast SEO plugin v25.8 - https:\/\/yoast.com\/wordpress\/plugins\/seo\/ -->\n<title>Pol\u00edtica de privacidade - Mens Sana Interactive - Brasil<\/title>\n<meta name=\"robots\" content=\"index, follow, max-snippet:-1, max-image-preview:large, max-video-preview:-1\" \/>\n<link rel=\"canonical\" href=\"https:\/\/menssanainteractive.com\/br\/home\/politica-de-privacidade\/\" \/>\n<meta property=\"og:locale\" content=\"pt_BR\" \/>\n<meta property=\"og:type\" content=\"article\" \/>\n<meta property=\"og:title\" content=\"Pol\u00edtica de privacidade - Mens Sana Interactive - Brasil\" \/>\n<meta property=\"og:description\" content=\"Mens Sana Interactive Pol\u00edtica de Privacidade Atualizado em: 31\/Mar\u00e7o\/2023 &nbsp; \u00a0Este documento informa como a Mens Sana Interactive coleta (em nosso site e em nossos produtos\/servi\u00e7os), usa e compartilha seus dados pessoais, \u00a0Utilizamos os seus dados para fornecer e melhorar os nossos produtos e servi\u00e7os. Ao us\u00e1-los, voc\u00ea concorda com a coleta e uso de [&hellip;]\" \/>\n<meta property=\"og:url\" content=\"https:\/\/menssanainteractive.com\/br\/home\/politica-de-privacidade\/\" \/>\n<meta property=\"og:site_name\" content=\"Mens Sana Interactive - Brasil\" \/>\n<meta property=\"article:modified_time\" content=\"2023-03-31T20:29:35+00:00\" \/>\n<meta name=\"twitter:card\" content=\"summary_large_image\" \/>\n<meta name=\"twitter:label1\" content=\"Est. tempo de leitura\" \/>\n\t<meta name=\"twitter:data1\" content=\"6 minutos\" \/>\n<script type=\"application\/ld+json\" class=\"yoast-schema-graph\">{\"@context\":\"https:\/\/schema.org\",\"@graph\":[{\"@type\":\"WebPage\",\"@id\":\"https:\/\/menssanainteractive.com\/br\/home\/politica-de-privacidade\/\",\"url\":\"https:\/\/menssanainteractive.com\/br\/home\/politica-de-privacidade\/\",\"name\":\"Pol\u00edtica de privacidade - Mens Sana Interactive - Brasil\",\"isPartOf\":{\"@id\":\"https:\/\/menssanainteractive.com\/br\/home\/#website\"},\"datePublished\":\"2018-05-29T21:52:57+00:00\",\"dateModified\":\"2023-03-31T20:29:35+00:00\",\"breadcrumb\":{\"@id\":\"https:\/\/menssanainteractive.com\/br\/home\/politica-de-privacidade\/#breadcrumb\"},\"inLanguage\":\"pt-BR\",\"potentialAction\":[{\"@type\":\"ReadAction\",\"target\":[\"https:\/\/menssanainteractive.com\/br\/home\/politica-de-privacidade\/\"]}]},{\"@type\":\"BreadcrumbList\",\"@id\":\"https:\/\/menssanainteractive.com\/br\/home\/politica-de-privacidade\/#breadcrumb\",\"itemListElement\":[{\"@type\":\"ListItem\",\"position\":1,\"name\":\"Home\",\"item\":\"https:\/\/menssanainteractive.com\/br\/home\/\"},{\"@type\":\"ListItem\",\"position\":2,\"name\":\"Pol\u00edtica de privacidade\"}]},{\"@type\":\"WebSite\",\"@id\":\"https:\/\/menssanainteractive.com\/br\/home\/#website\",\"url\":\"https:\/\/menssanainteractive.com\/br\/home\/\",\"name\":\"Mens Sana Interactive - Brasil\",\"description\":\"Estimule sua mente\",\"potentialAction\":[{\"@type\":\"SearchAction\",\"target\":{\"@type\":\"EntryPoint\",\"urlTemplate\":\"https:\/\/menssanainteractive.com\/br\/home\/?s={search_term_string}\"},\"query-input\":{\"@type\":\"PropertyValueSpecification\",\"valueRequired\":true,\"valueName\":\"search_term_string\"}}],\"inLanguage\":\"pt-BR\"}]}<\/script>\n<!-- \/ Yoast SEO plugin. -->","yoast_head_json":{"title":"Pol\u00edtica de privacidade - Mens Sana Interactive - Brasil","robots":{"index":"index","follow":"follow","max-snippet":"max-snippet:-1","max-image-preview":"max-image-preview:large","max-video-preview":"max-video-preview:-1"},"canonical":"https:\/\/menssanainteractive.com\/br\/home\/politica-de-privacidade\/","og_locale":"pt_BR","og_type":"article","og_title":"Pol\u00edtica de privacidade - Mens Sana Interactive - Brasil","og_description":"Mens Sana Interactive Pol\u00edtica de Privacidade Atualizado em: 31\/Mar\u00e7o\/2023 &nbsp; \u00a0Este documento informa como a Mens Sana Interactive coleta (em nosso site e em nossos produtos\/servi\u00e7os), usa e compartilha seus dados pessoais, \u00a0Utilizamos os seus dados para fornecer e melhorar os nossos produtos e servi\u00e7os. Ao us\u00e1-los, voc\u00ea concorda com a coleta e uso de [&hellip;]","og_url":"https:\/\/menssanainteractive.com\/br\/home\/politica-de-privacidade\/","og_site_name":"Mens Sana Interactive - Brasil","article_modified_time":"2023-03-31T20:29:35+00:00","twitter_card":"summary_large_image","twitter_misc":{"Est. tempo de leitura":"6 minutos"},"schema":{"@context":"https:\/\/schema.org","@graph":[{"@type":"WebPage","@id":"https:\/\/menssanainteractive.com\/br\/home\/politica-de-privacidade\/","url":"https:\/\/menssanainteractive.com\/br\/home\/politica-de-privacidade\/","name":"Pol\u00edtica de privacidade - Mens Sana Interactive - Brasil","isPartOf":{"@id":"https:\/\/menssanainteractive.com\/br\/home\/#website"},"datePublished":"2018-05-29T21:52:57+00:00","dateModified":"2023-03-31T20:29:35+00:00","breadcrumb":{"@id":"https:\/\/menssanainteractive.com\/br\/home\/politica-de-privacidade\/#breadcrumb"},"inLanguage":"pt-BR","potentialAction":[{"@type":"ReadAction","target":["https:\/\/menssanainteractive.com\/br\/home\/politica-de-privacidade\/"]}]},{"@type":"BreadcrumbList","@id":"https:\/\/menssanainteractive.com\/br\/home\/politica-de-privacidade\/#breadcrumb","itemListElement":[{"@type":"ListItem","position":1,"name":"Home","item":"https:\/\/menssanainteractive.com\/br\/home\/"},{"@type":"ListItem","position":2,"name":"Pol\u00edtica de privacidade"}]},{"@type":"WebSite","@id":"https:\/\/menssanainteractive.com\/br\/home\/#website","url":"https:\/\/menssanainteractive.com\/br\/home\/","name":"Mens Sana Interactive - Brasil","description":"Estimule sua mente","potentialAction":[{"@type":"SearchAction","target":{"@type":"EntryPoint","urlTemplate":"https:\/\/menssanainteractive.com\/br\/home\/?s={search_term_string}"},"query-input":{"@type":"PropertyValueSpecification","valueRequired":true,"valueName":"search_term_string"}}],"inLanguage":"pt-BR"}]}},"_links":{"self":[{"href":"https:\/\/menssanainteractive.com\/br\/home\/wp-json\/wp\/v2\/pages\/121","targetHints":{"allow":["GET"]}}],"collection":[{"href":"https:\/\/menssanainteractive.com\/br\/home\/wp-json\/wp\/v2\/pages"}],"about":[{"href":"https:\/\/menssanainteractive.com\/br\/home\/wp-json\/wp\/v2\/types\/page"}],"author":[{"embeddable":true,"href":"https:\/\/menssanainteractive.com\/br\/home\/wp-json\/wp\/v2\/users\/2"}],"replies":[{"embeddable":true,"href":"https:\/\/menssanainteractive.com\/br\/home\/wp-json\/wp\/v2\/comments?post=121"}],"version-history":[{"count":4,"href":"https:\/\/menssanainteractive.com\/br\/home\/wp-json\/wp\/v2\/pages\/121\/revisions"}],"predecessor-version":[{"id":373,"href":"https:\/\/menssanainteractive.com\/br\/home\/wp-json\/wp\/v2\/pages\/121\/revisions\/373"}],"wp:attachment":[{"href":"https:\/\/menssanainteractive.com\/br\/home\/wp-json\/wp\/v2\/media?parent=121"}],"curies":[{"name":"wp","href":"https:\/\/api.w.org\/{rel}","templated":true}]}}